56130.
2, 5, 115613
List the prime factors of 2444148.
2, 3, 7, 53, 61
List the prime factors of 136268.
2, 11, 19, 163
List the prime factors of 13537217.
43, 83, 3793
List the prime factors of 1856658.
2, 3, 79, 3917
What are the prime factors of 16243783?
31, 16903
What are the prime factors of 277903?
277903
What are the prime factors of 914747?
29, 31543
What are the prime factors of 4721690?
2, 5, 19, 24851
What are the prime factors of 6224191?
19, 23, 14243
List the prime factors of 5503590.
2, 3, 5, 61151
What are the prime factors of 197102?
2, 139, 709
List the prime factors of 3703563.
3, 15241
List the prime factors of 1718239.
613, 2803
What are the prime factors of 236250?
2, 3, 5, 7
What are the prime factors of 4364153?
571, 7643
What are the prime factors of 4095737?
4095737
What are the prime factors of 1280282?
2, 43, 14887
List the prime factors of 181151.
107, 1693
What are the prime factors of 443656?
2, 55457
List the prime factors of 13426762.
2, 41, 163741
List the prime factors of 4744684.
2, 7, 41, 4133
What are the prime factors of 226367?
226367
List the prime factors of 18841420.
2, 5, 13, 72467
List the prime factors of 246253.
7, 127, 277
List the prime factors of 116414.
2, 58207
List the prime factors of 39220200.
2, 3, 5, 269
What are the prime factors of 2101539?
3, 11, 43, 1481
What are the prime factors of 6022660?
2, 5, 7, 43019
What are the prime factors of 221717?
221717
What are the prime factors of 340999?
340999
What are the prime factors of 5380209?
3, 199267
What are the prime factors of 52998?
2, 3, 11, 73
List the prime factors of 7502177.
7502177
What are the prime factors of 709944?
2, 3, 29581
List the prime factors of 270959.
13, 19, 1097
What are the prime factors of 9992777?
9992777
List the prime factors of 218805.
3, 5, 29, 503
List the prime factors of 23197527.
3, 877, 2939
What are the prime factors of 12434478?
2, 3, 7, 383, 773
What are the prime factors of 209992?
2, 26249
What are the prime factors of 3962463?
3, 23, 57427
What are the prime factors of 189156?
2, 3, 11, 1433
List the prime factors of 18598603.
18598603
What are the prime factors of 34509448?
2, 31, 227, 613
What are the prime factors of 254702?
2, 7, 23, 113
What are the prime factors of 819831?
3, 19, 757
List the prime factors of 356427.
3, 43, 307
What are the prime factors of 1746728?
2, 29, 7529
List the prime factors of 32154470.
2, 5, 3215447
What are the prime factors of 970400?
2, 5, 1213
List the prime factors of 24976557.
3, 2775173
List the prime factors of 7206549.
3, 7, 343169
What are the prime factors of 3998465?
5, 367, 2179
List the prime factors of 986947.
13, 31, 79
List the prime factors of 333040.
2, 5, 23, 181
List the prime factors of 249959.
43, 5813
What are the prime factors of 774719?
11, 70429
List the prime factors of 6581509.
11, 59, 10141
List the prime factors of 19771.
17, 1163
What are the prime factors of 468460?
2, 5, 59, 397
What are the prime factors of 2517999?
3, 11, 76303
What are the prime factors of 3295405?
5, 37, 47, 379
List the prime factors of 17531576.
2, 89, 24623
What are the prime factors of 5395128?
2, 3, 224797
List the prime factors of 5398290.
2, 3, 5, 59981
What are the prime factors of 747118?
2, 19, 19661
What are the prime factors of 13129003?
571, 22993
List the prime factors of 1967324.
2, 557, 883
What are the prime factors of 33635?
5, 7, 31
What are the prime factors of 1317456?
2, 3, 7, 1307
List the prime factors of 55281.
3, 18427
What are the prime factors of 680701?
7, 47, 2069
List the prime factors of 517551.
3, 172517
What are the prime factors of 8297748?
2, 3, 76831
What are the prime factors of 265039?
107, 2477
List the prime factors of 415176.
2, 3, 17299
List the prime factors of 14387918.
2, 89, 80831
What are the prime factors of 12771302?
2, 23, 277637
List the prime factors of 42782.
2, 21391
What are the prime factors of 2514710?
2, 5, 11, 22861
List the prime factors of 2001082.
2, 1000541
What are the prime factors of 648970?
2, 5, 7, 73, 127
List the prime factors of 7019849.
7019849
What are the prime factors of 3750261?
3, 1250087
List the prime factors of 2016084.
2, 3, 7, 24001
What are the prime factors of 6735?
3, 5, 449
What are the prime factors of 1098521?
43, 59, 433
What are the prime factors of 2649070?
2, 5, 97, 2731
List the prime factors of 1139450.
2, 5, 13, 1753
List the prime factors of 10570294.
2, 7, 17, 23, 1931
What are the prime factors of 263744?
2, 13, 317
List the prime factors of 18556056.
2, 3, 29, 8887
List the prime factors of 402086.
2, 23, 8741
What are the prime factors of 902386?
2, 19, 23747
List the prime factors of 2144183.
2144183
List the prime factors of 182956.
2, 53, 863
What are the prime factors of 41836?
2, 10459
What are the prime factors of 409711?
409711
What are the prime factors of 1061365?
5, 79, 2687
List the prime factors of 19390545.
3, 5, 19, 22679
List the prime factors of 678199.
678199
What are the prime factors of 364022?
2, 182011
What are the prime factors of 199777?
199777
What are the prime factors of 709547?
709547
List the prime factors of 2102516.
2, 13, 40433
What are the prime factors of 184491?
3, 6833
List the prime factors of 432520.
2, 5, 11, 983
What are the prime factors of 1135113?
3, 7, 191, 283
List the prime factors of 834998.
2, 89, 4691
List the prime factors of 7397471.
47, 157393
What are the prime factors of 14877594?
2, 3, 91837
List the prime factors of 952622.
2, 11, 19, 43, 53
List the prime factors of 10265671.
13, 17, 46451
List the prime factors of 270949.
7, 38707
What are the prime factors of 1028976?
2, 3, 13, 17, 97
What are the prime factors of 1338194?
2, 11, 13, 4679
List the prime factors of 1929413.
1929413
What are the prime factors of 54275?
5, 13, 167
List the prime factors of 150307.
29, 71, 73
What are the prime factors of 7635303?
3, 13, 2417
List the prime factors of 59694.
2, 3, 9949
What are the prime factors of 420884?
2, 43, 2447
What are the prime factors of 1370963?
11, 124633
List the prime factors of 6495784.
2, 67, 12119
List the prime factors of 139758.
2, 3, 23293
List the prime factors of 166261.
53, 3137
List the prime factors of 3005160.
2, 3, 5, 79, 317
List the prime factors of 571004.
2, 7, 20393
What are the prime factors of 21445571?
7, 3063653
What are the prime factors of 370043?
509, 727
What are the prime factors of 20131939?
20131939
List the prime factors of 2064432.
2, 3, 41, 1049
What are the prime factors of 188466?
2, 3, 101, 311
List the prime factors of 5521320.
2, 3, 5, 7, 313
List the prime factors of 8792735.
5, 7, 251221
What are the prime factors of 610094?
2, 305047
What are the prime factors of 1369327?
379, 3613
List the prime factors of 1171144.
2, 13, 11261
What are the prime factors of 96195?
3, 5, 11, 53
What are the prime factors of 1199330?
2, 5, 11, 10903
List the prime factors of 1081848.
2, 3, 45077
What are the prime factors of 1286445?
3, 5, 139, 617
List the prime factors of 5196042.
2, 3, 96223
List the prime factors of 3133512.
2, 3, 89, 163
What are the prime factors of 10301343?
3, 13, 264137
List the prime factors of 8575668.
2, 3, 238213
What are the prime factors of 5169655?
5, 83, 12457
What are the prime factors of 386308?
2, 13, 17, 19, 23
What are the prime factors of 300317?
300317
What are the prime factors of 2905201?
13, 199, 1123
What are the prime factors of 162861?
3, 54287
What are the prime factors of 7465708?
2, 19, 23, 4271
What are the prime factors of 6802856?
2, 17, 50021
What are the prime factors of 213284?
2, 71, 751
What are the prime factors of 8982?
2, 3, 499
What are the prime factors of 214279?
13, 53, 311
What are the prime factors of 21326551?
17, 1254503
What are the prime factors of 247958?
2, 123979
What are the prime factors of 3616873?
13, 61, 4561
What are the prime factors of 119979?
3, 13331
List the prime factors of 402000.
2, 3, 5, 67
What are the prime factors of 662602?
2, 331301
List the prime factors of 209700.
2, 3, 5, 233
What are the prime factors of 24921268?
2, 6230317
List the prime factors of 369746.
2, 13, 14221
What are the prime factors of 2719121?
2719121
What are the prime factors of 2091018?
2, 3, 37, 9419
L